mon divisor of 737 and 11260489?
67
Calculate the highest common divisor of 2491 and 5973259.
53
What is the greatest common divisor of 3348455 and 220?
55
What is the greatest common divisor of 684153 and 3969?
27
Calculate the greatest common divisor of 344170 and 52959.
127
Calculate the greatest common factor of 1004 and 11522908.
1004
What is the highest common factor of 640 and 732600?
40
What is the highest common divisor of 158432 and 176?
16
What is the highest common divisor of 417137534 and 3866?
3866
What is the highest common factor of 345 and 22436385?
345
Calculate the greatest common factor of 711356 and 40.
4
Calculate the highest common factor of 1267156 and 293564.
3716
Calculate the greatest common divisor of 97722 and 1797426.
1098
What is the highest common divisor of 18 and 78810156?
18
Calculate the greatest common divisor of 218038148 and 2164.
2164
Calculate the greatest common factor of 124555640 and 282.
94
Calculate the highest common factor of 338507419 and 797.
797
What is the highest common factor of 1844 and 8387434?
922
Calculate the greatest common factor of 432 and 3520584.
216
What is the greatest common factor of 219 and 850318527?
219
What is the highest common factor of 2463703 and 83124?
2309
What is the highest common factor of 784 and 120687?
49
Calculate the highest common factor of 418 and 3886146.
418
What is the greatest common divisor of 7605008 and 1312?
656
What is the highest common divisor of 154 and 2954525?
7
What is the greatest common factor of 241776 and 902520?
1656
What is the greatest common divisor of 329838468 and 72?
12
Calculate the greatest common divisor of 28422 and 261882.
18
What is the highest common divisor of 19171395 and 135?
45
Calculate the highest common factor of 384434 and 1959578.
334
What is the highest common factor of 4950 and 149358?
66
What is the highest common divisor of 357593306 and 42?
14
What is the greatest common factor of 76 and 58356011?
19
Calculate the highest common factor of 45402120 and 280.
40
Calculate the highest common divisor of 4117922120 and 7928.
7928
What is the greatest common divisor of 324918 and 278586?
594
Calculate the greatest common factor of 348180 and 35.
35
What is the greatest common factor of 8600 and 467700680?
1720
What is the highest common divisor of 31997295 and 29?
29
Calculate the highest common divisor of 12056 and 14268144.
88
Calculate the greatest common divisor of 47580 and 44164.
244
What is the greatest common divisor of 77673 and 59160?
51
What is the highest common divisor of 3266010 and 4356?
198
Calculate the highest common factor of 32465 and 21788545.
755
Calculate the highest common factor of 748102 and 3519.
17
What is the highest common divisor of 4275693 and 5562?
27
Calculate the greatest common divisor of 441126 and 454741.
2723
What is the greatest common factor of 14752848 and 3?
3
What is the highest common factor of 584075 and 23180?
305
What is the highest common factor of 71180 and 1660?
20
What is the highest common divisor of 216 and 136440168?
24
Calculate the greatest common factor of 7084680 and 30.
30
What is the greatest common factor of 59474 and 3537?
131
Calculate the greatest common divisor of 9490 and 785188.
146
Calculate the greatest common factor of 1796441 and 2.
1
Calculate the highest common factor of 221431946 and 2914.
2914
What is the greatest common divisor of 17787264 and 60?
12
What is the highest common factor of 51030240 and 1230?
1230
Calculate the highest common divisor of 6748680 and 60.
60
Calculate the greatest common factor of 2336 and 16466537.
73
What is the greatest common divisor of 567 and 48800094?
21
Calculate the greatest common divisor of 11388 and 21239058.
438
Calculate the greatest common factor of 1188 and 28397556.
396
Calculate the greatest common divisor of 2979882 and 810.
54
What is the greatest common factor of 627 and 13873629?
627
What is the greatest common divisor of 28083 and 417450?
759
What is the greatest common divisor of 174 and 132131598?
174
Calculate the greatest common divisor of 4025 and 4348225.
175
Calculate the highest common divisor of 130014 and 268677.
279
What is the greatest common factor of 133177755 and 15?
15
Calculate the highest common divisor of 12446 and 96334.
98
What is the greatest common divisor of 135 and 335232?
27
Calculate the greatest common factor of 3871355 and 7830.
145
Calculate the greatest common factor of 27 and 14796225.
9
Calculate the greatest common factor of 5981016 and 992.
248
Calculate the greatest common factor of 154 and 5709154.
22
What is the greatest common divisor of 2255193 and 996?
249
Calculate the greatest common factor of 16245 and 594117555.
5415
What is the greatest common factor of 5373 and 21096786?
597
What is the highest common divisor of 19221 and 1526058?
447
What is the highest common factor of 4592266 and 7476571?
11311
Calculate the highest common factor of 487038 and 129.
3
What is the highest common divisor of 12604 and 60007?
23
Calculate the highest common divisor of 73041 and 844191.
291
What is the greatest common factor of 48626900 and 28?
28
What is the highest common divisor of 21115965 and 30?
15
Calculate the greatest common factor of 55180 and 262550.
890
Calculate the highest common factor of 9837980 and 30.
10
Calculate the greatest common divisor of 3296 and 3946342.
206
What is the greatest common factor of 2828 and 1969352?
28
What is the greatest common factor of 28269 and 26170812?
3141
Calculate the greatest common factor of 3487965 and 169.
13
What is the greatest common factor of 5053 and 121613?
31
Calculate the greatest common factor of 505580 and 16235.
85
What is the greatest common factor of 11457 and 50049?
603
What is the greatest common factor of 16653 and 693147?
273
Calculate the greatest common divisor of 478789 and 137107.
167
What is the highest common divisor of 737904 and 3240?
24
Calculate the greatest common factor of 386260 and 219170.
2170
Calculate the greatest common divisor of 2875846 and 102446.
566
What is the greatest common factor of 1143690 and 7005?
15
What is the highest common factor of 217345 and 8415?
85
What is the highest common factor of 2019414 and 1230?
246
Calculate the greatest common factor of 8 and 49693036.
4
Calculate the greatest common factor of 140335 and 9095.
85
What is the greatest common divisor of 205899072 and 576?
192
Calculate the greatest common factor of 4306549 and 9023.
1289
Calculate the highest common divisor of 242203 and 14428207.
601
Calculate the highest common divisor of 162 and 23820858.
54
What is the greatest common divisor of 20 and 3734165?
5
Calculate the greatest common divisor of 6459032 and 176.
8
What is the greatest common divisor of 2978580 and 26202?
66
What is the greatest common factor of 2 and 15870542?
2
Calculate the highest common divisor of 367092 and 6386.
206
What is the greatest common factor of 14508 and 897636?
372
Calculate the highest common divisor of 29129312 and 568.
568
What is the greatest common factor of 2607437 and 254?
127
Calculate the greatest common divisor of 1743 and 9358748.
581
Calculate the highest common factor of 268 and 13153708.
268
What is the highest common factor of 12299189 and 913?
83
What is the highest common divisor of 87270 and 3630?
30
Calculate the greatest common divisor of 260607615 and 135.
15
What is the greatest common divisor of 342468 and 23016?
84
What is the highest common factor of 16589 and 3759443?
313
What is the highest common divisor of 96 and 63440040?
24
Calculate the greatest common factor of 25455484 and 172.
172
Calculate the greatest common factor of 160 and 3861490.
10
Calculate the greatest common divisor of 29578 and 10893706.
1286
Calculate the highest common factor of 3189557 and 77469.
833
What is the highest common factor of 5570 and 887710?
10
What is the greatest common factor of 40110 and 455154?
42
Calculate the greatest common factor of 242613050 and 50.
50
Calculate the highest common factor of 9616 and 1713451.
601
Calculate the highest common divisor of 429 and 79143933.
33
What is the highest common divisor of 3336300 and 105600?
3300
What is the highest common divisor of 2278085 and 